True
Is 2139589253 a prime number?
True
Is 7415987483 composite?
False
Is 827471371 prime?
True
Is 38479679713 a prime number?
False
Is 161045531 a prime number?
False
Is 1061940193 a prime number?
False
Is 220559271 a composite number?
True
Is 2155068941 composite?
False
Is 4870899685 a prime number?
False
Is 2088782483 composite?
False
Is 21197132519 prime?
True
Is 1121595091 composite?
False
Is 14502047717 a prime number?
False
Is 3204947107 composite?
False
Is 155936675773 a prime number?
True
Is 803994197 prime?
False
Is 21385934881 a prime number?
True
Is 277363283 composite?
True
Is 2781035749 prime?
True
Is 4736765477 a prime number?
True
Is 150305693 prime?
True
Is 75902460794 prime?
False
Is 39372102683 prime?
False
Is 94804619383 prime?
False
Is 2564047049 a prime number?
False
Is 8449868671 a composite number?
False
Is 70777786 prime?
False
Is 31235778683 a composite number?
False
Is 18649554837 prime?
False
Is 25621387241 a prime number?
True
Is 9317360851 prime?
True
Is 78367988585 a prime number?
False
Is 75411891833 a prime number?
True
Is 89255891 a prime number?
True
Is 722708713 prime?
True
Is 27794338703 a prime number?
False
Is 76397273377 composite?
False
Is 333108359 a prime number?
False
Is 12178625623 prime?
False
Is 260568557 a prime number?
False
Is 856285769 a composite number?
True
Is 12830726743 composite?
False
Is 36636227429 a composite number?
True
Is 1868557241 a prime number?
False
Is 51189992473 a prime number?
True
Is 1775190553 a prime number?
False
Is 24380850541 prime?
True
Is 259838749 prime?
False
Is 8079107759 a composite number?
True
Is 16044667853 prime?
True
Is 23995307918 a prime number?
False
Is 17049100583 a prime number?
True
Is 535181519 a prime number?
False
Is 28426062143 composite?
True
Is 18741401797 a prime number?
True
Is 941227289 prime?
True
Is 719891963 composite?
True
Is 310904981 prime?
True
Is 6296703631 a composite number?
True
Is 3279283327 a prime number?
True
Is 115507092562 prime?
False
Is 48594893 prime?
True
Is 479614243 prime?
False
Is 763639798 a composite number?
True
Is 28196398691 a composite number?
True
Is 32096292539 composite?
False
Is 77042421777 composite?
True
Is 409773379 a composite number?
True
Is 37311965219 composite?
False
Is 2029632749 prime?
True
Is 8569030753 a composite number?
True
Is 11086618453 a composite number?
True
Is 113088067 a prime number?
True
Is 4042073681 prime?
False
Is 8974819453 composite?
True
Is 2098283969 prime?
True
Is 27666917039 a composite number?
False
Is 24566639747 composite?
True
Is 93811017 composite?
True
Is 136959582791 composite?
False
Is 1685640041 a composite number?
True
Is 1404406183 prime?
True
Is 3976169789 prime?
True
Is 8687543273 a composite number?
True
Is 29310246631 prime?
False
Is 1229136899 a composite number?
True
Is 5093999423 a prime number?
True
Is 406786771 a composite number?
True
Is 2984930723 a prime number?
False
Is 662848939 a composite number?
True
Is 941385631 composite?
False
Is 2366131543 composite?
True
Is 3055212969 a composite number?
True
Is 12792060761 a prime number?
False
Is 360543697 prime?
True
Is 14926517611 a prime number?
False
Is 33636439387 prime?
True
Is 281188651 composite?
False
Is 69410721101 composite?
True
Is 1459808963 a prime number?
True
Is 5711488301 composite?
True
Is 29258371 a prime number?
True
Is 22133862363 a prime number?
False
Is 2587002567 composite?
True
Is 2489167673 prime?
False
Is 10493652787 composite?
False
Is 6168306629 a prime number?
True
Is 13800079391 a composite number?
True
Is 3495906179 a prime number?
True
Is 39249008233 a prime number?
False
Is 1309594939 composite?
True
Is 6900148555 prime?
False
Is 73419 a composite number?
True
Is 26203547 a composite number?
False
Is 522564313 a prime number?
True
Is 78659404541 prime?
False
Is 812297 prime?
True
Is 19562746981 a composite number?
True
Is 33796251959 composite?
False
Is 2007540281 composite?
True
Is 61088265551 prime?
True
Is 4760166283 a prime number?
False
Is 3042752027 a prime number?
False
Is 20153915483 prime?
False
Is 20210119301 composite?
False
Is 3667699769 composite?
False
Is 132814172821 a composite number?
True
Is 58891921 prime?
False
Is 12480101671 a prime number?
True
Is 1024318327 a composite number?
False
Is 65140282 a prime number?
False
Is 2036217437 composite?
True
Is 2113133723 a prime number?
True
Is 7233470843 composite?
False
Is 117951794993 a composite number?
False
Is 386942701 prime?
False
Is 559441189 prime?
True
Is 35314175627 prime?
False
Is 1086846011 prime?
False
Is 410455139 a prime number?
False
Is 53979407861 a composite number?
True
Is 2515540327 prime?
True
Is 18206021467 prime?
False
Is 47353247443 a prime number?
False
Is 2614563629 a prime number?
True
Is 2117829529 prime?
False
Is 28408495 prime?
False
Is 1534434269 prime?
True
Is 756742843 a composite number?
True
Is 675368081 composite?
False
Is 1968082703 a composite number?
False
Is 760634395 a prime number?
False
Is 11944858582 composite?
True
Is 2941300361 a composite number?
False
Is 1484553443 a composite number?
True
Is 21075857393 composite?
False
Is 68250832361 prime?
True
Is 10151592037 a composite number?
False
Is 624477559 a prime number?
False
Is 330728605765 prime?
False
Is 238483477 a prime number?
True
Is 2416879529 a composite number?
False
Is 5843291677 a prime number?
False
Is 1238636057 a prime number?
True
Is 54668058106 prime?
False
Is 735106067 composite?
True
Is 140831291 prime?
False
Is 1755876183 a composite number?
True
Is 569576087 composite?
True
Is 35232220127 a composite number?
True
Is 990478501 a composite number?
False
Is 65620324631 a prime number?
False
Is 3258976451 prime?
False
Is 1172496097 a composite number?
True
Is 22173293737 a prime number?
False
Is 562915091 a composite number?
False
Is 7360395499 a composite number?
True
Is 386348317 a prime number?
False
Is 7222451897 composite?
False
Is 376031803 composite?
True
Is 3965637671 a composite number?
False
Is 410513209 a prime number?
False
Is 116475991 a prime number?
False
Is 28247505953 a prime number?
True
Is 456142054 prime?
False
Is 1678389031 prime?
False
Is 20620682837 a prime number?
True
Is 63805597 a composite number?
True
Is 23558520499 a prime number?
False
Is 2807412457 prime?
True
Is 6455786021 a composite number?
True
Is 48743848999 prime?
True
Is 1126341473 composite?
True
Is 61228627717 a composite number?
False
Is 31811873633 composite?
False
Is 25137414023 a prime number?
False
Is 6338613551 a composite number?
False
Is 3418080361 prime?
True
Is 2076367829 prime?
True
Is 602229497 prime?
False
Is 36346712223 a prime number?
False
Is 101260081441 a prime number?
False
Is 3315869371 prime?
True
Is 624567785 composite?
True
Is 2220913547 prime?
True
Is 310365241 a prime number?
True
Is 204805481 a prime number?
True
Is 26973329017 composite?
False
Is 9014660755 a prime number?
False
Is 1348324169 prime?
True
Is 102360974963 prime?
False
Is 59410782839 a composite number?
True
Is 7961279429 a prime number?
True
Is 426558031 a composite number?
True
Is 123694032851 a prime number?
False
Is 752817737 a composite number?
True
Is 626832005 a prime number?
False
Is 341246907473 a prime number?
True
Is 144070154674 prime?
False
Is 488233349 prime?
True
Is 4173646223 composite?
False
Is 12879612107 a composite number?
False
Is 194059373555 a prime number?
False
Is 801784999 prime?
True
Is 22090092007 prime?
True
Is 5006164783 a composite number?
True
Is 819681593 prime?
True
Is 554229769 prime?
False
Is 218891657 composite?
True
Is 10392979231 prime?
False
Is 50607939313 composite?
False
Is 20045399219 composite?
False
Is 9770726501 composite?
False
Is 589499108087 a prime number?
True
Is 5868085631 composite?
False
Is 445389031 composite?
False
Is 7661794967 prime?
False
Is 4432771781 a composite number?
True
Is 2248857973 prime?
True
Is 2333570495 prime?
False
Is 54917053 composite?
False
Is 109360514657 a composite number?
True
Is 8870682227 composite?
True
Is 1006021319 prime?
True
Is 4181357561 prime?
True
Is 42670955153 composite?
True
Is 864230329 prime?
False
Is 244762471 prime?
True
Is 6286338017 composite?
False
Is 93615061 a composite number?
True
Is 146059132889 a prime number?
Fals